igit of (p/(-2))/((-4)/(-304)*-2)?
3
Suppose -132152 + 38498 = -43*i. What is the thousands digit of i?
2
Let t = 856 - 299. Suppose 2*k - t = -0*l - 3*l, 4*k + 209 = l. What is the hundreds digit of l?
1
Let j = 325 - 607. Let s = j + 606. What is the tens digit of s/6 - (-4)/1?
5
Let i = -19 + 59. Suppose 2*p = -i + 120. What is the tens digit of p?
4
Let x(d) = -d**3 - 9*d**2 - 5*d - 1. Let l be x(-9). Let y be 11/(l/48) + -1. Suppose 85 = 3*b - y. What is the units digit of b?
2
Let d(x) = 2*x**2 - 15*x - 6. Let c be d(8). Suppose -j - 5*g = -95, 398 = 2*j + 2*j + c*g. What is the tens digit of j?
0
Let h(l) = 2*l**2 - 6*l - 21. Let w(g) = -g**2 + 1. Let x(u) = -h(u) - 3*w(u). What is the units digit of x(-12)?
0
Let k = -65 + 67. Suppose k*y - 36 = -y. What is the tens digit of y?
1
Suppose 56*r - 59*r = -1170. Let v = r - 247. What is the units digit of v?
3
Suppose -3*s = 4*s + 490. Let u = s - -90. What is the tens digit of u?
2
Let x = -718 + 1024. What is the units digit of x?
6
Let h = 29 - 21. What is the units digit of (h/(-12))/((-4)/138)?
3
Let d(k) = 7*k**2 + 14*k - 6. Let w(y) = 4*y**2 + 7*y - 3. Let h(t) = -3*d(t) + 5*w(t). What is the units digit of h(-6)?
9
Suppose -4*l + 2*l - t = 26, -5*t = 4*l + 40. Let f = 19 + l. Suppose -d - 63 = -f*d. What is the tens digit of d?
2
Suppose 5*m = 6*j - 2*j - 1, 4*j - 3*m = -1. What is the units digit of ((-34)/(-3))/(j - (-46)/42)?
9
Let l = -2 + -7. Let a be -3*(33/l - 0). Suppose 5*k - 3*n - 276 + a = 0, -5*k - 5*n = -265. What is the tens digit of k?
5
Let o(h) = -h**3 + 26*h**2 - 9*h - 63. What is the units digit of o(19)?
3
Let q(k) = 26*k + 85. What is the tens digit of q(4)?
8
Suppose 2*m + 2*m - j + 280 = 0, -2*j = 0. Suppose -4*t + 244 = -5*z, -3*z - 2*t + t = 143. Let c = z - m. What is the tens digit of c?
2
Let k = 57 + -39. Suppose 20 + k = h. What is the units digit of h?
8
Let d(b) = 592*b**2 - 2*b + 1. Let c be d(1). Let w = c - 395. What is the units digit of w?
6
Let b(w) = w**3 - 7*w**2 + 6*w + 14. Let y be b(6). Let x(n) = -n**2 + 23*n - 30. What is the tens digit of x(y)?
9
Let t = 1531 + 265. What is the hundreds digit of t?
7
Suppose -2*s + 34 = -5*t - 209, 4*s = 3*t + 465. Let k be 8/3*s/8. Suppose k = -6*r + 7*r. What is the tens digit of r?
3
Let p(v) = -2*v**2 - 2*v. Let c be p(0). Suppose c*x - 27 = -3*x. What is the units digit of x?
9
Suppose p + 5*v - 12 = 2*v, 2*p - 34 = -v. Let w(z) = -z + 3. Let t be w(-20). Let m = p + t. What is the units digit of m?
1
Let a = 82 - 73. What is the tens digit of 2/a - 752/(-18)?
4
Let i = -442 + 1383. What is the hundreds digit of i?
9
Suppose 16 = 5*w - 2*g, 3*w - 3 = 4*g + 1. Suppose v + 0*c + c = 12, -5*v - w*c = -64. Let o = v - 14. What is the units digit of o?
2
Let t = 569 - 184. What is the hundreds digit of t?
3
Let v(g) = -3*g - 1. Let p be v(-2). Suppose 2*l = 5*l - p*k + 59, l - k = -23. What is the tens digit of (-620)/l + 1/(-7)?
2
Let z = -782 + 885. What is the tens digit of z?
0
Let l = -4 + 9. Suppose l*b = -3*h + 799, b + 348 + 421 = 3*h. What is the hundreds digit of h?
2
Let y be -1194 + (6/(4 - 7) - -1). What is the hundreds digit of (5/((-25)/y))/1?
2
What is the tens digit of (-81)/21 + 4 - (-535485)/203?
3
Let m = -6 - -10. Let h(v) = -2*v**2 + 13*v - 12. Let y be h(5). Suppose 5*d + 3*p + y = 27, 18 = m*d + 2*p. What is the units digit of d?
3
Let g(b) = b**3 + 10*b**2 - 13*b - 10. What is the hundreds digit of g(7)?
7
Let a(r) = 1468*r - 32. What is the thousands digit of a(3)?
4
Let t be 183/9 - 2/(-3). Let k = t + 69. What is the tens digit of k?
9
Let r = 1243 + -656. What is the units digit of r?
7
Let f be (-6)/4*(2 - -50). Let s = 136 + f. What is the tens digit of s?
5
Let b(s) = -s**3 - 13*s**2 - 5*s + 13. What is the hundreds digit of b(-15)?
5
What is the units digit of (-1 + (-501)/(-9))/(7/42)?
8
Let v be 3/12 + (-58)/8. What is the tens digit of (1/(v/7))/(2/(-238))?
1
Let k = -8015 + 11751. What is the units digit of k?
6
Suppose -3*r - 711 = -3*t - 0*r, r = 4. Suppose 5*x - t = -4*l, -2*l + 4*x + 119 = 31. What is the tens digit of l?
5
Let g(p) = -37*p - 30. Suppose -q + 4*u + 22 = -3*q, -u = -3*q - 12. What is the hundreds digit of g(q)?
1
Let d be -5 - (2/(-2) - -2). What is the units digit of (-520)/d + (-4)/(-12)?
7
Suppose n + 2*n = -72. Let f = n + 57. Suppose m + 0 = 2*v - 60, -2*m = -v + f. What is the tens digit of v?
2
Suppose 2*d + w + 17 = 0, 2*w - 47 = 5*d - 0*w. Let m be ((-24)/15)/((-2)/15). Let k = m + d. What is the units digit of k?
3
Suppose 1 = q - 3. Suppose 4*x = n - 2*n + 65, 211 = 3*n - q*x. Let f = n + -43. What is the units digit of f?
6
Let g be 6/((-17)/10 - -2). Suppose g*n + 10 = 21*n. Suppose 0 = -5*f + n + 200. What is the units digit of f?
2
Let n(i) = 7*i**2 + 7*i + 7. What is the hundreds digit of n(7)?
3
Let c = 439 - 283. Suppose 2*f - 7*f = -5, 5*x = 4*f + c. What is the units digit of x?
2
Let q(w) = 6*w**3 + 3*w**2 - 4. Let l be q(-2). Let t = -33 - l. What is the units digit of t?
7
Suppose a + 5*m - 14 = 0, -2*m + 7 = -4*a - m. Let r be (2 - (-8)/a)/(-2). Suppose -r*f = f - 56. What is the units digit of f?
4
Let w = -246 + 456. What is the units digit of w?
0
Let x be 18/(-27) - (-7)/(-3). What is the tens digit of 0 + -2 + 4 + (-111)/x?
3
Suppose -1 - 17 = -2*i - 2*s, 0 = -2*s - 2. Let q(r) = 3*r + 7. Let k be q(-1). Suppose k*a - i = -a. What is the units digit of a?
2
Let t(k) = -12*k - 5. Let l(z) = z**3 + 7*z**2 - 7*z + 3. Let c be l(-8). What is the units digit of t(c)?
5
Suppose -2 = 2*n, 2*n - n + 11 = 5*q. Suppose -5*y = -2*o + 166, -q*o + o = -2*y - 84. What is the units digit of o?
8
Let m be (-8)/(-1) - 3/1. Suppose 255 = -m*f + 2*b, -3 - 149 = 3*f - b. Let r = -33 - f. What is the units digit of r?
6
Let x = 13 + 17. Let q = x + 16. What is the units digit of q?
6
Let m(f) = 9*f**2 + 11*f - 45. What is the units digit of m(5)?
5
Let q be (-2 - (-21 - -1))/(-7 - -6). Let o = q - -65. What is the units digit of o?
7
Suppose 2*c - 66 = 2*j, -3*c + 11*j - 6*j + 91 = 0. What is the tens digit of c?
3
Let l(f) = 2*f**3 - 3*f**2 - f + 2. Let u be l(2). Let y = 91 + -78. Suppose 2*q - s - y = q, -3*s = -u*q + 55. What is the tens digit of q?
1
Let a(x) = x**3 + 10*x**2 + 8*x - 6. Let b be a(-9). Suppose -1 = -q + 3*u + 14, b*q = -4*u + 6. What is the units digit of q?
6
Suppose 5 = -3*d - 7. Suppose -3*f + m + 8 = 0, -3*m = f - m + 2. What is the units digit of 13*f + 4 + d?
6
Suppose 0 = 20*o + 225 - 2005. What is the units digit of o?
9
Let u(d) = 4*d**2 - d + 36. Let o be u(-16). Suppose -9*b + o = -5*b. What is the tens digit of b?
6
Let f be -2 + 3 + 6/(-3). Suppose 0 = -6*g + 4*g - 6. What is the tens digit of (f/g)/((-3)/(-99))?
1
Suppose -3*o + 2166 = 3*s, o = -69*s + 66*s + 2168. What is the hundreds digit of s?
7
Let j(c) = 2*c - 13. Let w be j(6). Let z(h) = 50*h**2 - h - 2. What is the units digit of z(w)?
9
Let j(m) = 15*m**2 - 2*m - 6. Let i be j(3). Suppose 5*u - i = -2*x - 30, -4*u = -2*x + 66. What is the units digit of x?
9
Let p = 7838 - 5543. What is the tens digit of p?
9
Let b(y) = -y**3 + 5*y**2 - 5. Let t = -9 - -11. Suppose -t*i + 0 = -4*l + 4, -3*i + 4*l = 0. What is the units digit of b(i)?
1
Suppose 0 = -3*u + 5*u - 4, -2*d - 4*u = -20. Let o be 377/4 - (-6)/8. Suppose o = d*m - m. What is the tens digit of m?
1
Let h(u) = -u**2 - 5*u + 5. Let z be h(-5). Suppose -z*x + 428 = -x. Suppose 1 = 4*d - x. What is the units digit of d?
7
Let b = -21 - -24. Let s(f) = 25*f + 5. What is the tens digit of s(b)?
8
Suppose -88689 + 10445 = -62*i. What is the tens digit of i?
6
Suppose 2*n = -5*h + 56, 2*h = -0*h + 4*n + 32. Let o(p) = -p**3 + 13*p**2 - 7*p + 12. What is the units digit of o(h)?
2
Let x = 88 + -88. Suppose 7*q - 2*q - 700 = x. What is the units digit of q?
0
What is the hundreds digit of -1*507/(-4) + (-110)/(-88)?
1
Let f(n) = -n + 4*n + 2 + 5. Suppose 59 - 35 = 4*o. What is the units digit of f(o)?
5
Let l = 24 - 22. Let z(t) = 49*t**2 + 2*t - 3. What is the hundreds digit of z(l)?
1
Let y = -874 + 1229. What is the tens digit of y?
5
What is the hundreds digit of 3 - (25766/(-78) - 4/6)?
3
Let s(z) = z**2 - 5*z + 5. Let a be s(4). Let v(h) = 11*h**2 - 7. Let c(w) = -6*w**2 + 3. Let k(b) 